[INFO] cloning repository https://github.com/Past9/stm32-api-generator
[INFO] running `Command { std: "git" "-c" "credential.helper=" "-c" "credential.helper=/workspace/cargo-home/bin/git-credential-null" "clone" "--bare" "https://github.com/Past9/stm32-api-generator" "/workspace/cache/git-repos/https%3A%2F%2Fgithub.com%2FPast9%2Fstm32-api-generator", kill_on_drop: false }`
[INFO] [stderr] Cloning into bare repository '/workspace/cache/git-repos/https%3A%2F%2Fgithub.com%2FPast9%2Fstm32-api-generator'...
[INFO] running `Command { std: "git" "rev-parse" "HEAD", kill_on_drop: false }`
[INFO] [stdout] ad0d54049c44b579e530d614af435f974a922c8d
[INFO] checking Past9/stm32-api-generator against master#cfbc6d4cf1acbac5c025acf8ed68929caa551df3 for pr-75494-beta
[INFO] running `Command { std: "git" "clone" "/workspace/cache/git-repos/https%3A%2F%2Fgithub.com%2FPast9%2Fstm32-api-generator" "/workspace/builds/worker-4/source", kill_on_drop: false }`
[INFO] [stderr] Cloning into '/workspace/builds/worker-4/source'...
[INFO] [stderr] done.
[INFO] validating manifest of git repo https://github.com/Past9/stm32-api-generator on toolchain cfbc6d4cf1acbac5c025acf8ed68929caa551df3
[INFO] running `Command { std: "/workspace/cargo-home/bin/cargo" "+cfbc6d4cf1acbac5c025acf8ed68929caa551df3" "read-manifest" "--manifest-path" "Cargo.toml", kill_on_drop: false }`
[INFO] started tweaking git repo https://github.com/Past9/stm32-api-generator
[INFO] removed path dependency svd-expander from git repo https://github.com/Past9/stm32-api-generator
[INFO] finished tweaking git repo https://github.com/Past9/stm32-api-generator
[INFO] tweaked toml for git repo https://github.com/Past9/stm32-api-generator written to /workspace/builds/worker-4/source/Cargo.toml
[INFO] crate git repo https://github.com/Past9/stm32-api-generator already has a lockfile, it will not be regenerated
[INFO] running `Command { std: "/workspace/cargo-home/bin/cargo" "+cfbc6d4cf1acbac5c025acf8ed68929caa551df3" "fetch" "--locked" "--manifest-path" "Cargo.toml", kill_on_drop: false }`
[INFO] [stderr]     Updating crates.io index
[INFO] [stderr] error: the lock file /workspace/builds/worker-4/source/Cargo.lock needs to be updated but --locked was passed to prevent this
[INFO] [stderr] If you want to try to generate the lock file without accessing the network, use the --offline flag.
[INFO] the lockfile is outdated, regenerating it
[INFO] running `Command { std: "/workspace/cargo-home/bin/cargo" "+cfbc6d4cf1acbac5c025acf8ed68929caa551df3" "generate-lockfile" "--manifest-path" "Cargo.toml" "-Zno-index-update", kill_on_drop: false }`
[INFO] running `Command { std: "/workspace/cargo-home/bin/cargo" "+cfbc6d4cf1acbac5c025acf8ed68929caa551df3" "fetch" "--locked" "--manifest-path" "Cargo.toml", kill_on_drop: false }`
[INFO] [stderr]  Downloading crates ...
[INFO] [stderr]   Downloaded syn-select v0.2.0
[INFO] [stderr]   Downloaded path_abs v0.5.0
[INFO] [stderr]   Downloaded content_inspector v0.2.4
[INFO] [stderr]   Downloaded fancy-regex v0.3.5
[INFO] [stderr]   Downloaded askama_escape v0.3.0
[INFO] [stderr]   Downloaded bat v0.15.4
[INFO] [stderr]   Downloaded askama_shared v0.9.1
[INFO] [stderr]   Downloaded fstrings-proc-macro v0.2.3
[INFO] [stderr]   Downloaded toolchain_find v0.1.4
[INFO] [stderr]   Downloaded ansi_colours v1.0.1
[INFO] [stderr]   Downloaded fstrings v0.2.3
[INFO] [stderr]   Downloaded askama v0.9.0
[INFO] [stderr]   Downloaded syntect v4.4.0
[INFO] [stderr]   Downloaded std_prelude v0.2.12
[INFO] [stderr]   Downloaded svd-parser v0.9.0
[INFO] [stderr]   Downloaded plist v1.0.0
[INFO] [stderr]   Downloaded cargo-expand v0.6.4
[INFO] [stderr]   Downloaded svd-expander v0.4.0
[INFO] [stderr]   Downloaded askama_derive v0.9.0
[INFO] running `Command { std: "docker" "create" "-v" "/var/lib/crater-agent-workspace/builds/worker-4/target:/opt/rustwide/target:rw,Z" "-v" "/var/lib/crater-agent-workspace/builds/worker-4/source:/opt/rustwide/workdir:ro,Z" "-v" "/var/lib/crater-agent-workspace/cargo-home:/opt/rustwide/cargo-home:ro,Z" "-v" "/var/lib/crater-agent-workspace/rustup-home:/opt/rustwide/rustup-home:ro,Z" "-e" "SOURCE_DIR=/opt/rustwide/workdir" "-e" "CARGO_TARGET_DIR=/opt/rustwide/target" "-e" "CARGO_HOME=/opt/rustwide/cargo-home" "-e" "RUSTUP_HOME=/opt/rustwide/rustup-home" "-w" "/opt/rustwide/workdir" "-m" "1610612736" "--user" "0:0" "--network" "none" "rustops/crates-build-env@sha256:a636fd89d022f18117e1dc8fb37a0a009933cdbbe082814857f0e2024962d47c" "/opt/rustwide/cargo-home/bin/cargo" "+cfbc6d4cf1acbac5c025acf8ed68929caa551df3" "metadata" "--no-deps" "--format-version=1", kill_on_drop: false }`
[INFO] [stderr] WARNING: Your kernel does not support swap limit capabilities or the cgroup is not mounted. Memory limited without swap.
[INFO] [stdout] b0d27b21587d585563c015ae451244532980ae7fe4d464039583d45a10003206
[INFO] running `Command { std: "docker" "start" "-a" "b0d27b21587d585563c015ae451244532980ae7fe4d464039583d45a10003206", kill_on_drop: false }`
[INFO] running `Command { std: "docker" "inspect" "b0d27b21587d585563c015ae451244532980ae7fe4d464039583d45a10003206", kill_on_drop: false }`
[INFO] running `Command { std: "docker" "rm" "-f" "b0d27b21587d585563c015ae451244532980ae7fe4d464039583d45a10003206", kill_on_drop: false }`
[INFO] [stdout] b0d27b21587d585563c015ae451244532980ae7fe4d464039583d45a10003206
[INFO] running `Command { std: "docker" "create" "-v" "/var/lib/crater-agent-workspace/builds/worker-4/target:/opt/rustwide/target:rw,Z" "-v" "/var/lib/crater-agent-workspace/builds/worker-4/source:/opt/rustwide/workdir:ro,Z" "-v" "/var/lib/crater-agent-workspace/cargo-home:/opt/rustwide/cargo-home:ro,Z" "-v" "/var/lib/crater-agent-workspace/rustup-home:/opt/rustwide/rustup-home:ro,Z" "-e" "SOURCE_DIR=/opt/rustwide/workdir" "-e" "CARGO_TARGET_DIR=/opt/rustwide/target" "-e" "CARGO_INCREMENTAL=0" "-e" "RUST_BACKTRACE=full" "-e" "RUSTFLAGS=--cap-lints=forbid" "-e" "CARGO_HOME=/opt/rustwide/cargo-home" "-e" "RUSTUP_HOME=/opt/rustwide/rustup-home" "-w" "/opt/rustwide/workdir" "-m" "1610612736" "--user" "0:0" "--network" "none" "rustops/crates-build-env@sha256:a636fd89d022f18117e1dc8fb37a0a009933cdbbe082814857f0e2024962d47c" "/opt/rustwide/cargo-home/bin/cargo" "+cfbc6d4cf1acbac5c025acf8ed68929caa551df3" "check" "--frozen" "--all" "--all-targets" "--message-format=json", kill_on_drop: false }`
[INFO] [stderr] WARNING: Your kernel does not support swap limit capabilities or the cgroup is not mounted. Memory limited without swap.
[INFO] [stdout] 6ec67c6845ff38a966cc1d1afe8854cb0ffc89659cd99548fab673e60ab8e104
[INFO] running `Command { std: "docker" "start" "-a" "6ec67c6845ff38a966cc1d1afe8854cb0ffc89659cd99548fab673e60ab8e104", kill_on_drop: false }`
[INFO] [stderr]     Blocking waiting for file lock on package cache
[INFO] [stderr]     Blocking waiting for file lock on package cache
[INFO] [stderr]    Compiling syn v1.0.39
[INFO] [stderr]    Compiling serde v1.0.115
[INFO] [stderr]    Compiling memchr v2.3.3
[INFO] [stderr]    Compiling version_check v0.9.2
[INFO] [stderr]    Compiling anyhow v1.0.32
[INFO] [stderr]    Compiling askama_escape v0.3.0
[INFO] [stderr]    Compiling humansize v1.1.0
[INFO] [stderr]     Checking either v1.6.0
[INFO] [stderr]     Checking unicode-width v0.1.8
[INFO] [stderr]     Checking vec_map v0.8.2
[INFO] [stderr]     Checking unicode-segmentation v1.6.0
[INFO] [stderr]     Checking regex-syntax v0.6.18
[INFO] [stderr]     Checking glob v0.3.0
[INFO] [stderr]    Compiling num-traits v0.2.12
[INFO] [stderr]     Checking thread_local v1.0.1
[INFO] [stderr]     Checking textwrap v0.11.0
[INFO] [stderr]     Checking atty v0.2.14
[INFO] [stderr]     Checking xml-rs v0.7.0
[INFO] [stderr]     Checking clap v2.33.3
[INFO] [stderr]     Checking heck v0.3.1
[INFO] [stderr]    Compiling nom v5.1.2
[INFO] [stderr]     Checking aho-corasick v0.7.13
[INFO] [stderr]     Checking xmltree v0.8.0
[INFO] [stderr]     Checking regex v1.3.9
[INFO] [stderr]    Compiling serde_derive v1.0.115
[INFO] [stderr]    Compiling thiserror-impl v1.0.20
[INFO] [stderr]    Compiling fstrings-proc-macro v0.2.3
[INFO] [stderr]     Checking fstrings v0.2.3
[INFO] [stderr]     Checking thiserror v1.0.20
[INFO] [stderr]     Checking svd-parser v0.9.0
[INFO] [stderr]     Checking svd-expander v0.4.0
[INFO] [stderr]     Checking toml v0.5.6
[INFO] [stderr]     Checking askama_shared v0.9.1
[INFO] [stderr]    Compiling askama_derive v0.9.0
[INFO] [stderr]     Checking askama v0.9.0
[INFO] [stderr]     Checking stm32-api-generator v0.1.0 (/opt/rustwide/workdir)
[INFO] [stdout] error[E0599]: no method named `address` found for reference `&svd_expander::FieldSpec` in the current scope
[INFO] [stdout]    --> src/generators/mod.rs:128:25
[INFO] [stdout]     |
[INFO] [stdout] 128 |     let address = field.address();
[INFO] [stdout]     |                         ^^^^^^^ method not found in `&svd_expander::FieldSpec`
[INFO] [stdout] 
[INFO] [stdout] 
[INFO] [stdout] error[E0599]: no method named `mask` found for reference `&svd_expander::FieldSpec` in the current scope
[INFO] [stdout]    --> src/generators/mod.rs:129:22
[INFO] [stdout]     |
[INFO] [stdout] 129 |     let mask = field.mask();
[INFO] [stdout]     |                      ^^^^ method not found in `&svd_expander::FieldSpec`
[INFO] [stdout] 
[INFO] [stdout] 
[INFO] [stdout] error[E0599]: no method named `mask` found for reference `&svd_expander::FieldSpec` in the current scope
[INFO] [stdout]    --> src/generators/mod.rs:130:31
[INFO] [stdout]     |
[INFO] [stdout] 130 |     let inverse_mask = !field.mask();
[INFO] [stdout]     |                               ^^^^ method not found in `&svd_expander::FieldSpec`
[INFO] [stdout] 
[INFO] [stdout] 
[INFO] [stdout] error[E0599]: no method named `address` found for reference `&svd_expander::FieldSpec` in the current scope
[INFO] [stdout]    --> src/generators/mod.rs:143:25
[INFO] [stdout]     |
[INFO] [stdout] 143 |     let address = field.address();
[INFO] [stdout]     |                         ^^^^^^^ method not found in `&svd_expander::FieldSpec`
[INFO] [stdout] 
[INFO] [stdout] 
[INFO] [stdout] error[E0599]: no method named `mask` found for reference `&svd_expander::FieldSpec` in the current scope
[INFO] [stdout]    --> src/generators/mod.rs:144:22
[INFO] [stdout]     |
[INFO] [stdout] 144 |     let mask = field.mask();
[INFO] [stdout]     |                      ^^^^ method not found in `&svd_expander::FieldSpec`
[INFO] [stdout] 
[INFO] [stdout] 
[INFO] [stdout] error[E0599]: no method named `mask` found for reference `&svd_expander::FieldSpec` in the current scope
[INFO] [stdout]    --> src/generators/mod.rs:145:31
[INFO] [stdout]     |
[INFO] [stdout] 145 |     let inverse_mask = !field.mask();
[INFO] [stdout]     |                               ^^^^ method not found in `&svd_expander::FieldSpec`
[INFO] [stdout] 
[INFO] [stdout] 
[INFO] [stdout] error[E0599]: no method named `parent_path` found for reference `&svd_expander::FieldSpec` in the current scope
[INFO] [stdout]    --> src/generators/mod.rs:148:45
[INFO] [stdout]     |
[INFO] [stdout] 148 |     let register = self.get_register(&field.parent_path()).unwrap();
[INFO] [stdout]     |                                             ^^^^^^^^^^^ method not found in `&svd_expander::FieldSpec`
[INFO] [stdout] 
[INFO] [stdout] 
[INFO] [stdout] error[E0599]: no method named `address` found for reference `&svd_expander::FieldSpec` in the current scope
[INFO] [stdout]    --> src/generators/mod.rs:175:25
[INFO] [stdout]     |
[INFO] [stdout] 175 |     let address = field.address();
[INFO] [stdout]     |                         ^^^^^^^ method not found in `&svd_expander::FieldSpec`
[INFO] [stdout] 
[INFO] [stdout] 
[INFO] [stdout] error[E0599]: no method named `mask` found for reference `&svd_expander::FieldSpec` in the current scope
[INFO] [stdout]    --> src/generators/mod.rs:176:22
[INFO] [stdout]     |
[INFO] [stdout] 176 |     let mask = field.mask();
[INFO] [stdout]     |                      ^^^^ method not found in `&svd_expander::FieldSpec`
[INFO] [stdout] 
[INFO] [stdout] 
[INFO] [stdout] error[E0599]: no method named `address` found for reference `&svd_expander::FieldSpec` in the current scope
[INFO] [stdout]    --> src/generators/mod.rs:191:25
[INFO] [stdout]     |
[INFO] [stdout] 191 |     let address = field.address();
[INFO] [stdout]     |                         ^^^^^^^ method not found in `&svd_expander::FieldSpec`
[INFO] [stdout] 
[INFO] [stdout] 
[INFO] [stdout] error[E0599]: no method named `mask` found for reference `&svd_expander::FieldSpec` in the current scope
[INFO] [stdout]    --> src/generators/mod.rs:192:31
[INFO] [stdout]     |
[INFO] [stdout] 192 |     let inverse_mask = !field.mask();
[INFO] [stdout]     |                               ^^^^ method not found in `&svd_expander::FieldSpec`
[INFO] [stdout] 
[INFO] [stdout] 
[INFO] [stdout] error[E0599]: no method named `actual_value` found for reference `&svd_expander::EnumeratedValueSpec` in the current scope
[INFO] [stdout]    --> src/generators/gpio/mod.rs:145:26
[INFO] [stdout]     |
[INFO] [stdout] 145 |           match enum_val.actual_value() {
[INFO] [stdout]     |                          ^^^^^^^^^^^^ method not found in `&svd_expander::EnumeratedValueSpec`
[INFO] [stdout] 
[INFO] [stdout] 
[INFO] [stdout] error: aborting due to 12 previous errors
[INFO] [stdout] 
[INFO] [stdout] 
[INFO] [stdout] For more information about this error, try `rustc --explain E0599`.
[INFO] [stdout] 
[INFO] [stderr] error: could not compile `stm32-api-generator`.
[INFO] [stderr] 
[INFO] [stderr] To learn more, run the command again with --verbose.
[INFO] [stderr] warning: build failed, waiting for other jobs to finish...
[INFO] [stdout] error[E0599]: no method named `address` found for reference `&svd_expander::FieldSpec` in the current scope
[INFO] [stdout]    --> src/generators/mod.rs:128:25
[INFO] [stdout]     |
[INFO] [stdout] 128 |     let address = field.address();
[INFO] [stdout]     |                         ^^^^^^^ method not found in `&svd_expander::FieldSpec`
[INFO] [stdout] 
[INFO] [stdout] 
[INFO] [stdout] error[E0599]: no method named `mask` found for reference `&svd_expander::FieldSpec` in the current scope
[INFO] [stdout]    --> src/generators/mod.rs:129:22
[INFO] [stdout]     |
[INFO] [stdout] 129 |     let mask = field.mask();
[INFO] [stdout]     |                      ^^^^ method not found in `&svd_expander::FieldSpec`
[INFO] [stdout] 
[INFO] [stdout] 
[INFO] [stdout] error[E0599]: no method named `mask` found for reference `&svd_expander::FieldSpec` in the current scope
[INFO] [stdout]    --> src/generators/mod.rs:130:31
[INFO] [stdout]     |
[INFO] [stdout] 130 |     let inverse_mask = !field.mask();
[INFO] [stdout]     |                               ^^^^ method not found in `&svd_expander::FieldSpec`
[INFO] [stdout] 
[INFO] [stdout] 
[INFO] [stdout] error[E0599]: no method named `address` found for reference `&svd_expander::FieldSpec` in the current scope
[INFO] [stdout]    --> src/generators/mod.rs:143:25
[INFO] [stdout]     |
[INFO] [stdout] 143 |     let address = field.address();
[INFO] [stdout]     |                         ^^^^^^^ method not found in `&svd_expander::FieldSpec`
[INFO] [stdout] 
[INFO] [stdout] 
[INFO] [stdout] error[E0599]: no method named `mask` found for reference `&svd_expander::FieldSpec` in the current scope
[INFO] [stdout]    --> src/generators/mod.rs:144:22
[INFO] [stdout]     |
[INFO] [stdout] 144 |     let mask = field.mask();
[INFO] [stdout]     |                      ^^^^ method not found in `&svd_expander::FieldSpec`
[INFO] [stdout] 
[INFO] [stdout] 
[INFO] [stdout] error[E0599]: no method named `mask` found for reference `&svd_expander::FieldSpec` in the current scope
[INFO] [stdout]    --> src/generators/mod.rs:145:31
[INFO] [stdout]     |
[INFO] [stdout] 145 |     let inverse_mask = !field.mask();
[INFO] [stdout]     |                               ^^^^ method not found in `&svd_expander::FieldSpec`
[INFO] [stdout] 
[INFO] [stdout] 
[INFO] [stdout] error[E0599]: no method named `parent_path` found for reference `&svd_expander::FieldSpec` in the current scope
[INFO] [stdout]    --> src/generators/mod.rs:148:45
[INFO] [stdout]     |
[INFO] [stdout] 148 |     let register = self.get_register(&field.parent_path()).unwrap();
[INFO] [stdout]     |                                             ^^^^^^^^^^^ method not found in `&svd_expander::FieldSpec`
[INFO] [stdout] 
[INFO] [stdout] 
[INFO] [stdout] error[E0599]: no method named `address` found for reference `&svd_expander::FieldSpec` in the current scope
[INFO] [stdout]    --> src/generators/mod.rs:175:25
[INFO] [stdout]     |
[INFO] [stdout] 175 |     let address = field.address();
[INFO] [stdout]     |                         ^^^^^^^ method not found in `&svd_expander::FieldSpec`
[INFO] [stdout] 
[INFO] [stdout] 
[INFO] [stdout] error[E0599]: no method named `mask` found for reference `&svd_expander::FieldSpec` in the current scope
[INFO] [stdout]    --> src/generators/mod.rs:176:22
[INFO] [stdout]     |
[INFO] [stdout] 176 |     let mask = field.mask();
[INFO] [stdout]     |                      ^^^^ method not found in `&svd_expander::FieldSpec`
[INFO] [stdout] 
[INFO] [stdout] 
[INFO] [stdout] error[E0599]: no method named `address` found for reference `&svd_expander::FieldSpec` in the current scope
[INFO] [stdout]    --> src/generators/mod.rs:191:25
[INFO] [stdout]     |
[INFO] [stdout] 191 |     let address = field.address();
[INFO] [stdout]     |                         ^^^^^^^ method not found in `&svd_expander::FieldSpec`
[INFO] [stdout] 
[INFO] [stdout] 
[INFO] [stdout] error[E0599]: no method named `mask` found for reference `&svd_expander::FieldSpec` in the current scope
[INFO] [stdout]    --> src/generators/mod.rs:192:31
[INFO] [stdout]     |
[INFO] [stdout] 192 |     let inverse_mask = !field.mask();
[INFO] [stdout]     |                               ^^^^ method not found in `&svd_expander::FieldSpec`
[INFO] [stdout] 
[INFO] [stdout] 
[INFO] [stdout] error[E0599]: no method named `actual_value` found for reference `&svd_expander::EnumeratedValueSpec` in the current scope
[INFO] [stdout]    --> src/generators/gpio/mod.rs:145:26
[INFO] [stdout]     |
[INFO] [stdout] 145 |           match enum_val.actual_value() {
[INFO] [stdout]     |                          ^^^^^^^^^^^^ method not found in `&svd_expander::EnumeratedValueSpec`
[INFO] [stdout] 
[INFO] [stdout] 
[INFO] [stdout] error: aborting due to 12 previous errors
[INFO] [stdout] 
[INFO] [stdout] 
[INFO] [stdout] For more information about this error, try `rustc --explain E0599`.
[INFO] [stdout] 
[INFO] [stderr] error: build failed
[INFO] running `Command { std: "docker" "inspect" "6ec67c6845ff38a966cc1d1afe8854cb0ffc89659cd99548fab673e60ab8e104", kill_on_drop: false }`
[INFO] running `Command { std: "docker" "rm" "-f" "6ec67c6845ff38a966cc1d1afe8854cb0ffc89659cd99548fab673e60ab8e104", kill_on_drop: false }`
[INFO] [stdout] 6ec67c6845ff38a966cc1d1afe8854cb0ffc89659cd99548fab673e60ab8e104
